ided by 1160.
23
Calculate the remainder when 482063 is divided by 198.
131
What is the remainder when 15180 is divided by 3017?
95
What is the remainder when 149811 is divided by 307?
302
Calculate the remainder when 860805 is divided by 127.
126
Calculate the remainder when 20460 is divided by 181.
7
What is the remainder when 139221 is divided by 871?
732
Calculate the remainder when 170980 is divided by 413.
411
Calculate the remainder when 416629 is divided by 53.
49
What is the remainder when 120516 is divided by 2739?
0
Calculate the remainder when 602570 is divided by 25.
20
Calculate the remainder when 320399 is divided by 64076.
19
Calculate the remainder when 260096 is divided by 2627.
23
Calculate the remainder when 955 is divided by 79.
7
Calculate the remainder when 578 is divided by 95.
8
What is the remainder when 6505 is divided by 542?
1
What is the remainder when 5847 is divided by 86?
85
Calculate the remainder when 3544 is divided by 77.
2
Calculate the remainder when 683 is divided by 349.
334
Calculate the remainder when 870 is divided by 215.
10
What is the remainder when 2186627 is divided by 141?
140
What is the remainder when 1456 is divided by 1434?
22
Calculate the remainder when 17856 is divided by 132.
36
What is the remainder when 4839 is divided by 67?
15
What is the remainder when 62592 is divided by 9?
6
What is the remainder when 1374 is divided by 343?
2
What is the remainder when 7333 is divided by 34?
23
What is the remainder when 7587 is divided by 66?
63
Calculate the remainder when 11596 is divided by 1902.
184
What is the remainder when 3047 is divided by 639?
491
Calculate the remainder when 126 is divided by 97.
29
What is the remainder when 132213 is divided by 122?
87
What is the remainder when 110310 is divided by 1808?
22
What is the remainder when 3904 is divided by 734?
234
What is the remainder when 13584 is divided by 13577?
7
What is the remainder when 9740 is divided by 191?
190
What is the remainder when 7534777 is divided by 1595?
1592
What is the remainder when 7284 is divided by 31?
30
What is the remainder when 3081 is divided by 94?
73
What is the remainder when 7274 is divided by 519?
8
Calculate the remainder when 3818478 is divided by 16.
14
What is the remainder when 76791 is divided by 73?
68
What is the remainder when 77682 is divided by 3?
0
What is the remainder when 7331 is divided by 1826?
27
What is the remainder when 867727 is divided by 17?
13
What is the remainder when 33227 is divided by 57?
53
Calculate the remainder when 2882 is divided by 950.
32
What is the remainder when 3385 is divided by 193?
104
Calculate the remainder when 144 is divided by 17.
8
Calculate the remainder when 36411 is divided by 578.
575
Calculate the remainder when 271910 is divided by 135950.
10
Calculate the remainder when 80229 is divided by 372.
249
What is the remainder when 25644 is divided by 569?
39
Calculate the remainder when 29930 is divided by 14941.
48
What is the remainder when 834 is divided by 797?
37
Calculate the remainder when 4603 is divided by 47.
44
Calculate the remainder when 9283 is divided by 9275.
8
What is the remainder when 583 is divided by 84?
79
Calculate the remainder when 168314 is divided by 249.
239
What is the remainder when 122359 is divided by 118?
111
What is the remainder when 116972 is divided by 1026?
8
Calculate the remainder when 7271 is divided by 128.
103
What is the remainder when 2515 is divided by 239?
125
Calculate the remainder when 1541 is divided by 42.
29
What is the remainder when 30496 is divided by 1285?
941
What is the remainder when 10515 is divided by 13?
11
Calculate the remainder when 8636 is divided by 54.
50
Calculate the remainder when 7350 is divided by 434.
406
Calculate the remainder when 2034 is divided by 205.
189
What is the remainder when 9491 is divided by 47?
44
Calculate the remainder when 15525 is divided by 1936.
37
Calculate the remainder when 557108 is divided by 1565.
1533
What is the remainder when 75625 is divided by 37?
34
What is the remainder when 129302 is divided by 43100?
2
What is the remainder when 17703 is divided by 393?
18
What is the remainder when 14784 is divided by 31?
28
Calculate the remainder when 863940 is divided by 143988.
12
Calculate the remainder when 61492 is divided by 164.
156
Calculate the remainder when 17128 is divided by 31.
16
What is the remainder when 1416 is divided by 136?
56
Calculate the remainder when 82224 is divided by 47.
21
Calculate the remainder when 43421 is divided by 169.
157
What is the remainder when 805 is divided by 214?
163
Calculate the remainder when 63000 is divided by 109.
107
Calculate the remainder when 23027 is divided by 7672.
11
Calculate the remainder when 111583 is divided by 22.
21
Calculate the remainder when 3453 is divided by 81.
51
What is the remainder when 6035 is divided by 59?
17
What is the remainder when 16267 is divided by 2704?
43
Calculate the remainder when 9826 is divided by 4771.
284
What is the remainder when 2442 is divided by 359?
288
Calculate the remainder when 1216 is divided by 1207.
9
Calculate the remainder when 41870 is divided by 428.
354
Calculate the remainder when 2169 is divided by 247.
193
Calculate the remainder when 15605 is divided by 578.
577
What is the remainder when 11956 is divided by 1754?
1432
Calculate the remainder when 1937 is divided by 37.
13
Calculate the remainder when 72348 is divided by 3.
0
What is the remainder when 223442 is divided by 671?
670
Calculate the remainder when 17362 is divided by 1240.
2
Calculate the remainder when 458 is divided by 196.
66
What is the remainder when 4950 is divided by 307?
38
What is the remainder when 58186 is divided by 11637?
1
What is the remainder when 12514 is divided by 12?
10
What is the remainder when 7229 is divided by 99?
2
Calculate the remainder when 16727 is divided by 4180.
7
Calculate the remainder when 682524 is divided by 341257.
10
What is the remainder when 20938 is divided by 436?
10
What is the remainder when 502232 is divided by 83?
82
What is the remainder when 1216 is divided by 1193?
23
Calculate the remainder when 1978 is divided by 37.
17
Calculate the remainder when 67027 is divided by 6092.
15
What is the remainder when 1769559 is divided by 222?
219
Calculate the remainder when 30396 is divided by 4280.
436
What is the remainder when 63 is divided by 2?
1
What is the remainder when 161612 is divided by 111?
107
Calculate the remainder when 21521 is divided by 501.
479
What is the remainder when 33057 is divided by 285?
282
Calculate the remainder when 5560 is divided by 149.
47
Calculate the remainder when 7866 is divided by 883.
802
Calculate the remainder when 14323 is divided by 6931.
461
Calculate the remainder when 47 is divided by 34.
13
Calculate the remainder when 1466 is divided by 95.
41
What is the remainder when 988 is divided by 506?
482
What is the remainder when 1069 is divided by 118?
7
Calculate the remainder when 12753 is divided by 12738.
15
What is the remainder when 10389 is divided by 358?
7
What is the remainder when 516 is divided by 6?
0
Calculate the remainder when 2111 is divided by 133.
116
Calculate the remainder when 1471 is divided by 87.
79
Calculate the remainder when 3765 is divided by 316.
289
What is the remainder when 578493 is divided by 736?
733
What is the remainder when 7312 is divided by 1029?
109
What is the remainder when 415836 is divided by 920?
916
Calculate the remainder when 1988 is divided by 625.
113
What is the remainder when 5516 is divided by 854?
392
Calculate the remainder when 4315 is divided by 1067.
47
What is the remainder when 137605 is divided by 800?
5
What is the remainder when 245161 is divided by 77?
70
Calculate the remainder when 59822 is divided by 49.
42
Calculate the remainder when 432355 is divided by 36.
31
What is the remainder when 969 is divided by 131?
52
What is the remainder when 23848 is divided by 11893?
62
Calculate the remainder when 19894 is divided by 1581.
922
Calculate the remainder when 19759 is divided by 1966.
99
What is the remainder when 30994 is divided by 30737?
257
What is the remainder when 94370 is divided by 379?
378
Calculate the r